the remainder when 4116 is divided by 55?
46
What is the remainder when 1729197 is divided by 440?
437
What is the remainder when 18145 is divided by 3005?
115
Calculate the remainder when 20040 is divided by 912.
888
Calculate the remainder when 41149 is divided by 29.
27
Calculate the remainder when 5196 is divided by 207.
21
Calculate the remainder when 5281 is divided by 1709.
154
What is the remainder when 196661 is divided by 1024?
53
What is the remainder when 2944 is divided by 47?
30
What is the remainder when 40383 is divided by 64?
63
What is the remainder when 4623 is divided by 137?
102
Calculate the remainder when 265850 is divided by 66456.
26
What is the remainder when 1302 is divided by 650?
2
Calculate the remainder when 121360 is divided by 8.
0
What is the remainder when 4515 is divided by 135?
60
Calculate the remainder when 6043 is divided by 13.
11
Calculate the remainder when 53224 is divided by 72.
16
Calculate the remainder when 10364 is divided by 2590.
4
What is the remainder when 481462 is divided by 1486?
1484
Calculate the remainder when 19459 is divided by 6482.
13
What is the remainder when 103738 is divided by 103?
17
Calculate the remainder when 4441 is divided by 1099.
45
What is the remainder when 13508 is divided by 397?
10
Calculate the remainder when 15279 is divided by 1553.
1302
Calculate the remainder when 109365 is divided by 62.
59
Calculate the remainder when 75868 is divided by 16.
12
Calculate the remainder when 226068 is divided by 25118.
6
What is the remainder when 7048 is divided by 220?
8
What is the remainder when 7999378 is divided by 570?
568
Calculate the remainder when 64658 is divided by 68.
58
What is the remainder when 9825 is divided by 701?
11
Calculate the remainder when 57512 is divided by 704.
488
Calculate the remainder when 6193 is divided by 1203.
178
Calculate the remainder when 17224 is divided by 91.
25
What is the remainder when 1793 is divided by 224?
1
Calculate the remainder when 9686 is divided by 1931.
31
Calculate the remainder when 1928 is divided by 1838.
90
What is the remainder when 37603 is divided by 12?
7
What is the remainder when 75817 is divided by 597?
595
What is the remainder when 4221 is divided by 1116?
873
What is the remainder when 417039 is divided by 417032?
7
Calculate the remainder when 6379 is divided by 42.
37
What is the remainder when 20627 is divided by 1586?
9
Calculate the remainder when 401489 is divided by 30883.
10
Calculate the remainder when 26379 is divided by 787.
408
Calculate the remainder when 4989 is divided by 338.
257
What is the remainder when 816656 is divided by 457?
454
Calculate the remainder when 2257863 is divided by 184.
183
Calculate the remainder when 4644533 is divided by 71.
68
Calculate the remainder when 781 is divided by 626.
155
Calculate the remainder when 2593 is divided by 841.
70
Calculate the remainder when 29117 is divided by 694.
663
What is the remainder when 1099496 is divided by 861?
860
What is the remainder when 13835 is divided by 659?
655
Calculate the remainder when 310436 is divided by 11.
5
Calculate the remainder when 52656 is divided by 226.
224
Calculate the remainder when 5940 is divided by 5567.
373
What is the remainder when 16780 is divided by 343?
316
Calculate the remainder when 10642 is divided by 367.
366
Calculate the remainder when 104886 is divided by 36.
18
What is the remainder when 565074 is divided by 85?
79
What is the remainder when 10550 is divided by 1342?
1156
Calculate the remainder when 242 is divided by 223.
19
What is the remainder when 35092 is divided by 19?
18
What is the remainder when 46676 is divided by 23298?
80
Calculate the remainder when 19365 is divided by 2430.
2355
What is the remainder when 23007 is divided by 30?
27
What is the remainder when 36270 is divided by 853?
444
What is the remainder when 35965 is divided by 972?
1
What is the remainder when 29185 is divided by 318?
247
What is the remainder when 145235 is divided by 72605?
25
What is the remainder when 2130 is divided by 434?
394
Calculate the remainder when 11572 is divided by 3855.
7
What is the remainder when 8067 is divided by 372?
255
Calculate the remainder when 779972 is divided by 389985.
2
What is the remainder when 315388 is divided by 31?
25
What is the remainder when 461900 is divided by 13?
10
Calculate the remainder when 382947 is divided by 414.
411
Calculate the remainder when 6016 is divided by 316.
12
What is the remainder when 5781 is divided by 5650?
131
Calculate the remainder when 23582 is divided by 7852.
26
What is the remainder when 23094 is divided by 1002?
48
Calculate the remainder when 67499 is divided by 39.
29
Calculate the remainder when 13787 is divided by 627.
620
What is the remainder when 9785 is divided by 129?
110
Calculate the remainder when 25716 is divided by 5075.
341
Calculate the remainder when 5276276 is divided by 14.
12
Calculate the remainder when 170255 is divided by 309.
305
Calculate the remainder when 369383 is divided by 52769.
0
Calculate the remainder when 258838 is divided by 143.
8
Calculate the remainder when 3817 is divided by 14.
9
Calculate the remainder when 100286 is divided by 39.
17
What is the remainder when 33354 is divided by 238?
34
What is the remainder when 6360 is divided by 703?
33
Calculate the remainder when 2944 is divided by 273.
214
What is the remainder when 104326 is divided by 17385?
16
What is the remainder when 45084 is divided by 45008?
76
What is the remainder when 2028 is divided by 805?
418
Calculate the remainder when 1280 is divided by 63.
20
Calculate the remainder when 4509063 is divided by 6.
3
Calculate the remainder when 4841 is divided by 322.
11
Calculate the remainder when 347100 is divided by 108.
96
What is the remainder when 205014 is divided by 695?
684
Calculate the remainder when 1302 is divided by 1185.
117
What is the remainder when 79344 is divided by 239?
235
What is the remainder when 14003 is divided by 389?
388
Calculate the remainder when 105329 is divided by 31.
22
What is the remainder when 2103 is divided by 42?
3
What is the remainder when 869976 is divided by 869973?
3
What is the remainder when 63020 is divided by 407?
342
Calculate the remainder when 23134 is divided by 96.
94
Calculate the remainder when 8170 is divided by 486.
394
Calculate the remainder when 29015 is divided by 76.
59
Calculate the remainder when 4790 is divided by 1122.
302
Calculate the remainder when 15006 is divided by 38.
34
What is the remainder when 7116 is divided by 77?
32
Calculate the remainder when 7718 is divided by 141.
104
Calculate the remainder when 323410 is divided by 27.
4
Calculate the remainder when 19938 is divided by 75.
63
What is the remainder when 48537 is divided by 5?
2
What is the remainder when 139124 is divided by 650?
24
What is the remainder when 6667 is divided by 126?
115
Calculate the remainder when 6666 is divided by 1930.
876
Calculate the remainder when 58217 is divided by 3424.
9
Calculate the remainder when 37826 is divided by 852.
338
Calculate the remainder when 56511 is divided by 1130.
11
What is the remainder when 2986595 is divided by 995525?
20
What is the remainder when 3845 is divided by 560?
485
Calculate the remainder when 246639 is divided by 8.
7
What is the remainder when 138903 is divided by 48?
39
Calculate the remainder when 1450 is divided by 475.
25
Calculate the remainder when 1344 is divided by 128.
64
What is the remainder when 29555 is divided by 59?
55
What is the remainder when 17692 is divided by 4319?
416
Calculate the remainder when 14391 is divided by 2397.
9
Calculate the remainder when 41923 is divided by 94.
93
What is the remainder when 242760 is divided by 274?
270
Calculate the remainder when 45831 is divided by 69.
15
Calculate the remainder when 103837 is divided by 440.
437
What is the remainder when 65519 is divided by 753?
8
Calculate the remainder when 57238 is divided by 1683.
16
Calculate the remainder when 1411 is divided by 60.
31
What is the remainder when 3461971 is divided by 727?
724
Calculate the remainder when 4705 is divided by 1426.
427
What is the remainder when 41530 is divided by 67?
57
What is the remaind